{"id":239,"date":"2018-05-14T02:43:08","date_gmt":"2018-05-14T02:43:08","guid":{"rendered":"http:\/\/atsaku.com.tr\/?page_id=239"},"modified":"2023-01-30T21:40:53","modified_gmt":"2023-01-30T18:40:53","slug":"contact-us","status":"publish","type":"page","link":"http:\/\/atsaku.com.tr\/index.php\/contact-us\/","title":{"rendered":"\u0130leti\u015fim"},"content":{"rendered":"<p>[vc_section el_class=&#8221;fix-overflow gradient2&#8243; css=&#8221;.vc_custom_1575624408467{margin-bottom: 80px !important;padding-bottom: 60px !important;}&#8221;][vc_row][vc_column css_animation=&#8221;fadeIn&#8221; width=&#8221;1\/2&#8243; el_class=&#8221;delay-2&#8243;]<div class=\"iconbox  \">\n\n\t<h4 class=\"box-title\">Adres<\/h4>\n\t<div class=\"box-detail\">\n\t\t<p>\u00c7am\u00e7e\u015fme Mahallesi, Ayd\u0131nl\u0131 Caddesi,<br \/>\nNo:89\/B Pendik\/\u0130stanbul<\/p>\n\t\n\t<\/div>\n\t<div class=\"box-icon\"><img decoding=\"async\" src=\"http:\/\/atsaku.com.tr\/wp-content\/uploads\/2018\/08\/navigation-map-800_5d1a8f90-76b5-4f83-9c97-ac5cced141cf.svg\" alt=\"Adres\" \/><\/div>\t\n\t\n\t\t<div class=\"box-readmore\">\n\t\t\t<a class=\"button no-bg\" href=\"#\">Haritada G\u00f6r\u00fcnt\u00fcle<\/a>\n\t\t<\/div>\n<\/div>[vc_empty_space height=&#8221;30px&#8221;][\/vc_column][vc_column css_animation=&#8221;fadeIn&#8221; width=&#8221;1\/2&#8243; el_class=&#8221;delay-3&#8243;]<div class=\"iconbox  \">\n\n\t<h4 class=\"box-title\">\u0130leti\u015fim<\/h4>\n\t<div class=\"box-detail\">\n\t\t<p>P:\u00a0<a href=\"http:\/\/atsaku.com.tr\/index.php\/contact-us\/#\">+90 (532) 323 43 51<\/a><br \/>\nP:\u00a0<a href=\"http:\/\/atsaku.com.tr\/index.php\/contact-us\/#\">+90 (545) 850 00 35<\/a><\/p>\n\t\n\t<\/div>\n\t<div class=\"box-icon\"><img decoding=\"async\" src=\"http:\/\/atsaku.com.tr\/wp-content\/uploads\/2018\/10\/catalogue-3486_5154eaae-1092-4b08-83ca-a8a18aa145a2.svg\" alt=\"\u0130leti\u015fim\" \/><\/div>\t\n\t\n\t\t<div class=\"box-readmore\">\n\t\t\t<a class=\"button no-bg\" href=\"http:\/\/atsaku.com.tr\/index.php\/contact-us\">Acil Ak\u00fc<\/a>\n\t\t<\/div>\n<\/div>[vc_empty_space height=&#8221;30px&#8221;][\/vc_column][\/vc_row][vc_row][vc_column][vc_empty_space height=&#8221;15px&#8221;][vc_column_text][\/vc_column_text][\/vc_column][\/vc_row][\/vc_section]<\/p>\n","protected":false},"excerpt":{"rendered":"<p>[vc_section el_class=&#8221;fix-overflow gradient2&#8243; css=&#8221;.vc_custom_1575624408467{margin-bottom: 80px !important;padding-bottom: 60px !important;}&#8221;][vc_row][vc_column css_animation=&#8221;fadeIn&#8221; width=&#8221;1\/2&#8243; el_class=&#8221;delay-2&#8243;][vc_empty_space height=&#8221;30px&#8221;][\/vc_column][vc_column css_animation=&#8221;fadeIn&#8221; width=&#8221;1\/2&#8243; el_class=&#8221;delay-3&#8243;][vc_empty_space height=&#8221;30px&#8221;][\/vc_column][\/vc_row][vc_row][vc_column][vc_empty_space height=&#8221;15px&#8221;][vc_column_text][\/vc_column_text][\/vc_column][\/vc_row][\/vc_section]<\/p>\n","protected":false},"author":1,"featured_media":0,"parent":0,"menu_order":0,"comment_status":"closed","ping_status":"closed","template":"","meta":{"footnotes":""},"class_list":["post-239","page","type-page","status-publish","hentry"],"acf":[],"_links":{"self":[{"href":"http:\/\/atsaku.com.tr\/index.php\/wp-json\/wp\/v2\/pages\/239","targetHints":{"allow":["GET"]}}],"collection":[{"href":"http:\/\/atsaku.com.tr\/index.php\/wp-json\/wp\/v2\/pages"}],"about":[{"href":"http:\/\/atsaku.com.tr\/index.php\/wp-json\/wp\/v2\/types\/page"}],"author":[{"embeddable":true,"href":"http:\/\/atsaku.com.tr\/index.php\/wp-json\/wp\/v2\/users\/1"}],"replies":[{"embeddable":true,"href":"http:\/\/atsaku.com.tr\/index.php\/wp-json\/wp\/v2\/comments?post=239"}],"version-history":[{"count":10,"href":"http:\/\/atsaku.com.tr\/index.php\/wp-json\/wp\/v2\/pages\/239\/revisions"}],"predecessor-version":[{"id":1863,"href":"http:\/\/atsaku.com.tr\/index.php\/wp-json\/wp\/v2\/pages\/239\/revisions\/1863"}],"wp:attachment":[{"href":"http:\/\/atsaku.com.tr\/index.php\/wp-json\/wp\/v2\/media?parent=239"}],"curies":[{"name":"wp","href":"https:\/\/api.w.org\/{rel}","templated":true}]}}